 the highest common divisor of 2755 and 203.
29
Calculate the highest common divisor of 170 and 782.
34
Calculate the greatest common factor of 119 and 68.
17
Calculate the greatest common divisor of 245 and 56.
7
Calculate the greatest common factor of 15 and 21.
3
What is the greatest common factor of 2416 and 453?
151
Calculate the greatest common factor of 14892 and 204.
204
Calculate the greatest common factor of 304 and 418.
38
Calculate the highest common divisor of 1606 and 22.
22
Calculate the highest common factor of 8 and 2456.
8
What is the greatest common divisor of 5 and 8?
1
What is the greatest common divisor of 30 and 15?
15
Calculate the highest common factor of 38 and 722.
38
Calculate the greatest common divisor of 1998 and 148.
74
What is the highest common factor of 148 and 37?
37
What is the greatest common divisor of 130 and 1118?
26
Calculate the highest common divisor of 4375 and 175.
175
Calculate the greatest common divisor of 703 and 2516.
37
What is the greatest common factor of 1148 and 328?
164
Calculate the highest common divisor of 4 and 2.
2
Calculate the greatest common factor of 139 and 3197.
139
Calculate the greatest common divisor of 5904 and 36.
36
What is the greatest common factor of 142 and 497?
71
What is the greatest common divisor of 10 and 370?
10
What is the greatest common factor of 7140 and 1050?
210
Calculate the greatest common factor of 17 and 17.
17
Calculate the greatest common divisor of 405 and 315.
45
Calculate the greatest common factor of 63 and 231.
21
Calculate the greatest common divisor of 58 and 522.
58
What is the greatest common divisor of 832 and 234?
26
What is the highest common factor of 78 and 806?
26
What is the highest common factor of 21 and 77?
7
What is the greatest common divisor of 1842 and 6?
6
Calculate the greatest common divisor of 2 and 194.
2
What is the highest common factor of 6354 and 306?
18
Calculate the greatest common factor of 16 and 7736.
8
What is the greatest common factor of 248 and 12?
4
What is the highest common divisor of 2032 and 144?
16
Calculate the highest common factor of 10212 and 6.
6
What is the greatest common factor of 60 and 1452?
12
What is the greatest common factor of 328 and 8?
8
What is the greatest common divisor of 3075 and 150?
75
Calculate the highest common factor of 182 and 336.
14
Calculate the highest common divisor of 450 and 144.
18
Calculate the highest common factor of 32 and 22.
2
Calculate the highest common divisor of 30 and 50.
10
Calculate the highest common divisor of 1892 and 176.
44
Calculate the greatest common divisor of 57 and 16321.
19
What is the greatest common factor of 1580 and 40?
20
What is the highest common factor of 7 and 5068?
7
What is the greatest common divisor of 18 and 81?
9
Calculate the greatest common divisor of 20 and 42610.
10
What is the greatest common factor of 11 and 19?
1
What is the highest common divisor of 135 and 60?
15
What is the greatest common factor of 292 and 2263?
73
What is the greatest common factor of 333 and 6179?
37
Calculate the greatest common factor of 23860 and 20.
20
Calculate the greatest common divisor of 7 and 7357.
7
What is the greatest common divisor of 14 and 15253?
7
What is the highest common factor of 93 and 1767?
93
What is the highest common factor of 401 and 7?
1
Calculate the highest common factor of 3026 and 34.
34
What is the greatest common divisor of 15 and 455?
5
What is the highest common divisor of 38 and 418?
38
What is the greatest common factor of 837 and 45?
9
What is the greatest common factor of 153 and 6?
3
What is the greatest common factor of 147 and 42?
21
Calculate the greatest common divisor of 228 and 11172.
228
Calculate the greatest common factor of 63 and 168.
21
What is the greatest common divisor of 4718 and 14?
14
Calculate the highest common factor of 10 and 135.
5
Calculate the greatest common factor of 72 and 16722.
18
What is the highest common factor of 84 and 21084?
84
Calculate the highest common factor of 58 and 16559.
29
What is the greatest common divisor of 10 and 430?
10
What is the greatest common factor of 14 and 20594?
14
What is the greatest common divisor of 88 and 55?
11
Calculate the greatest common divisor of 10880 and 85.
85
Calculate the highest common divisor of 2310 and 440.
110
Calculate the highest common factor of 1638 and 112.
14
Calculate the highest common divisor of 70 and 2065.
35
What is the highest common divisor of 96 and 256?
32
Calculate the greatest common factor of 58 and 8033.
29
Calculate the greatest common divisor of 1008 and 1206.
18
Calculate the highest common divisor of 188 and 2350.
94
Calculate the highest common divisor of 5083 and 34.
17
Calculate the greatest common factor of 7 and 7427.
7
Calculate the greatest common divisor of 75 and 3875.
25
Calculate the highest common factor of 3740 and 255.
85
Calculate the highest common divisor of 119 and 34.
17
Calculate the highest common divisor of 640 and 128.
128
What is the greatest common divisor of 52 and 338?
26
Calculate the greatest common factor of 152 and 17784.
152
What is the greatest common divisor of 65 and 85?
5
What is the highest common divisor of 44 and 814?
22
Calculate the highest common factor of 62 and 155.
31
What is the highest common factor of 440 and 5896?
88
What is the greatest common divisor of 108 and 1566?
54
Calculate the highest common divisor of 354 and 590.
118
What is the greatest common divisor of 236 and 32?
4
Calculate the greatest common divisor of 2678 and 26.
26
Calculate the highest common factor of 66 and 22.
22
What is the greatest common factor of 39 and 338?
13
Calculate the highest common factor of 6 and 1074.
6
What is the greatest common divisor of 80 and 140?
20
Calculate the highest common divisor of 1204 and 28.
28
Calculate the highest common factor of 2047 and 801.
89
Calculate the highest common factor of 176 and 992.
16
What is the highest common factor of 190 and 1660?
10
What is the highest common factor of 148 and 3626?
74
What is the highest common divisor of 40 and 4840?
40
Calculate the highest common factor of 15 and 285.
15
Calculate the greatest common divisor of 1023 and 33.
33
Calculate the greatest common divisor of 93 and 31341.
93
What is the greatest common factor of 56 and 3521?
7
What is the greatest common factor of 40 and 1528?
8
Calculate the highest common divisor of 30 and 285.
15
Calculate the highest common divisor of 1411 and 249.
83
What is the greatest common divisor of 899 and 124?
31
Calculate the highest common factor of 47 and 752.
47
What is the greatest common factor of 22 and 242?
22
Calculate the greatest common divisor of 272 and 17.
17
Calculate the highest common divisor of 371 and 7.
7
Calculate the highest common factor of 14 and 58072.
14
What is the highest common divisor of 7136 and 32?
32
Calculate the highest common factor of 32625 and 45.
45
Calculate the highest common factor of 9272 and 57.
19
What is the greatest common divisor of 13500 and 108?
108
What is the greatest common divisor of 507 and 55601?
169
What is the highest common factor of 2 and 58?
2
Calculate the highest common factor of 285 and 45.
15
What is the highest common divisor of 40 and 280?
40
Calculate the greatest common factor of 1066 and 182.
26
What is the greatest common divisor of 90 and 50?
10
Calculate the greatest common divisor of 46 and 368.
46
What is the highest common divisor of 800 and 60?
20
What is the highest common divisor of 48 and 696?
24
Calculate the greatest common factor of 8 and 3664.
8
Calculate the highest common divisor of 1989 and 1224.
153
Calculate the greatest common factor of 990 and 90.
90
Calculate the greatest common divisor of 9657 and 296.
37
What is the greatest common factor of 55 and 231?
11
Calculate the greatest common divisor of 11 and 1870.
11
What is the highest common factor of 327 and 7521?
327
Calculate the greatest common factor of 3260 and 20.
20
Calculate the highest common divisor of 75 and 60.
15
Calculate the greatest common factor of 2535 and 15.
15
What is the highest common divisor of 2400 and 75?
75
Calculate the highest common divisor of 2440 and 760.
40
What is the greatest common factor